.
2, 29, 223
What are the prime factors of 482?
2, 241
List the prime factors of 13398.
2, 3, 7, 11, 29
List the prime factors of 253.
11, 23
List the prime factors of 237.
3, 79
What are the prime factors of 3145?
5, 17, 37
List the prime factors of 1193.
1193
List the prime factors of 1191.
3, 397
What are the prime factors of 51145?
5, 53, 193
List the prime factors of 41417.
83, 499
What are the prime factors of 15467?
15467
What are the prime factors of 33264?
2, 3, 7, 11
What are the prime factors of 4387?
41, 107
What are the prime factors of 1985?
5, 397
List the prime factors of 20482.
2, 7, 11, 19
What are the prime factors of 31846?
2, 15923
What are the prime factors of 2951?
13, 227
List the prime factors of 5379.
3, 11, 163
What are the prime factors of 1346?
2, 673
What are the prime factors of 232?
2, 29
List the prime factors of 145.
5, 29
What are the prime factors of 5916?
2, 3, 17, 29
What are the prime factors of 5435?
5, 1087
What are the prime factors of 9313?
67, 139
What are the prime factors of 787?
787
What are the prime factors of 67601?
67601
List the prime factors of 1729.
7, 13, 19
List the prime factors of 2011.
2011
List the prime factors of 5919.
3, 1973
What are the prime factors of 32?
2
List the prime factors of 23153.
13, 137
List the prime factors of 11575.
5, 463
List the prime factors of 64040.
2, 5, 1601
What are the prime factors of 6830?
2, 5, 683
What are the prime factors of 1025?
5, 41
List the prime factors of 10769.
11, 89
What are the prime factors of 55005?
3, 5, 19, 193
What are the prime factors of 1037?
17, 61
List the prime factors of 11019.
3, 3673
What are the prime factors of 4188?
2, 3, 349
List the prime factors of 40291.
43, 937
What are the prime factors of 3682?
2, 7, 263
What are the prime factors of 16140?
2, 3, 5, 269
List the prime factors of 798.
2, 3, 7, 19
List the prime factors of 3362.
2, 41
List the prime factors of 1232.
2, 7, 11
What are the prime factors of 165196?
2, 41299
What are the prime factors of 6158?
2, 3079
What are the prime factors of 973?
7, 139
List the prime factors of 1701.
3, 7
What are the prime factors of 16039?
43, 373
What are the prime factors of 2258?
2, 1129
What are the prime factors of 20805?
3, 5, 19, 73
What are the prime factors of 6547?
6547
List the prime factors of 310.
2, 5, 31
What are the prime factors of 3430?
2, 5, 7
List the prime factors of 25474.
2, 47, 271
What are the prime factors of 15970?
2, 5, 1597
List the prime factors of 2184.
2, 3, 7, 13
What are the prime factors of 3375?
3, 5
List the prime factors of 139009.
13, 17, 37
What are the prime factors of 86?
2, 43
List the prime factors of 6442.
2, 3221
What are the prime factors of 3416?
2, 7, 61
What are the prime factors of 160424?
2, 11, 1823
List the prime factors of 4773.
3, 37, 43
What are the prime factors of 1437?
3, 479
What are the prime factors of 15436?
2, 17, 227
What are the prime factors of 72234?
2, 3, 4013
List the prime factors of 162255.
3, 5, 29, 373
What are the prime factors of 13308?
2, 3, 1109
List the prime factors of 838.
2, 419
List the prime factors of 2848.
2, 89
What are the prime factors of 11537?
83, 139
What are the prime factors of 489?
3, 163
List the prime factors of 2053.
2053
What are the prime factors of 7707?
3, 7, 367
List the prime factors of 4466.
2, 7, 11, 29
List the prime factors of 1522.
2, 761
List the prime factors of 114861.
3, 38287
What are the prime factors of 703?
19, 37
List the prime factors of 176023.
176023
List the prime factors of 19985.
5, 7, 571
List the prime factors of 1313.
13, 101
What are the prime factors of 2113?
2113
What are the prime factors of 1005?
3, 5, 67
List the prime factors of 2290.
2, 5, 229
List the prime factors of 9015.
3, 5, 601
List the prime factors of 1752.
2, 3, 73
List the prime factors of 2305.
5, 461
List the prime factors of 40217.
131, 307
List the prime factors of 84494.
2, 83, 509
What are the prime factors of 16743?
3, 5581
What are the prime factors of 1057?
7, 151
List the prime factors of 26400.
2, 3, 5, 11
What are the prime factors of 1749?
3, 11, 53
What are the prime factors of 30263?
53, 571
List the prime factors of 40213.
40213
What are the prime factors of 14411?
14411
What are the prime factors of 828?
2, 3, 23
What are the prime factors of 109907?
7, 2243
List the prime factors of 7224.
2, 3, 7, 43
List the prime factors of 5867.
5867
What are the prime factors of 2179?
2179
What are the prime factors of 12499?
29, 431
What are the prime factors of 6851?
13, 17, 31
List the prime factors of 1726.
2, 863
What are the prime factors of 30417?
3, 10139
What are the prime factors of 3596?
2, 29, 31
What are the prime factors of 311?
311
What are the prime factors of 51774?
2, 3, 8629
What are the prime factors of 2306?
2, 1153
List the prime factors of 97709.
199, 491
What are the prime factors of 589?
19, 31
What are the prime factors of 40422?
2, 3, 6737
List the prime factors of 3307.
3307
List the prime factors of 12991.
11, 1181
What are the prime factors of 21?
3, 7
What are the prime factors of 89406?
2, 3, 4967
List the prime factors of 76032.
2, 3, 11
What are the prime factors of 660?
2, 3, 5, 11
List the prime factors of 31132.
2, 43, 181
List the prime factors of 28068.
2, 3, 2339
What are the prime factors of 136?
2, 17
What are the prime factors of 167706?
2, 3, 7, 11
List the prime factors of 5872.
2, 367
What are the prime factors of 405?
3, 5
List the prime factors of 19347.
3, 6449
What are the prime factors of 14735?
5, 7, 421
List the prime factors of 3484.
2, 13, 67
What are the prime factors of 35564?
2, 17, 523
List the prime factors of 29315.
5, 11, 13, 41
List the prime factors of 16887.
3, 13, 433
What are the prime factors of 147318?
2, 3, 43, 571
What are the prime factors of 419?
419
List the prime factors of 7972.
2, 1993
List the prime factors of 48937.
7, 6991
List the prime factors of 23.
23
List the prime factors of 98174.
2, 191, 257
What are the prime factors of 21779?
29, 751
What are the prime factors of 7554?
2, 3, 1259
What are the prime factors of 5995?
5, 11, 109
What are the prime factors of 643?
643
What are the prime factors of 22761?
3, 281
What are the prime factors of 1949?
1949
What are the prime factors of 17151?
3, 5717
List the prime factors of 5236.
2, 7, 11, 17
List the prime factors of 210.
2, 3, 5, 7
List the prime factors of 12475.
5, 499
List the prime factors of 14877.
3, 19, 29
List the prime factors of 809.
809
What are the prime factors of 9054?
2, 3, 503
What are the prime factors of 1733?
1733
What are the prime factors of 136278?
2, 3, 67, 113
List the prime factors of 32070.
2, 3, 5, 1069
List the prime factors of 1002.
2, 3, 167
List the prime factors of 342.
2, 3, 19
What are the prime factors of 12215?
5, 7, 349
What are the prime factors of 1562?
2, 11, 71
What are the prime factors of 27332?
2, 6833
What are the prime factors of 1608?
2, 3, 67
List the prime factors of 36193.
17, 2129
What are the prime factors of 20563?
20563
List the prime factors of 42290.
2, 5, 4229
List the prime factors of 2847.
3, 13, 73
List the prime factors of 13446.
2, 3, 83
What are the prime factors of 4374?
2, 3
What are the prime factors of 24149?
19, 31, 41
What are the prime factors of 22629?
3, 19, 397
What are the prime factors of 5742?
2, 3, 11, 29
What are the prime factors of 523?
523
What are the prime factors of 38297?
7, 5471
List the prime factors of 2185.
5, 19, 23
List the prime factors of 15196.
2, 29, 131
List the prime factors of 17630.
2, 5, 41, 43
List the prime factors of 2492.
2, 7, 89
What are the prime factors of 1447?
1447
What are the prime factors of 4278?
2, 3, 23, 31
List the prime factors of 63891.
3, 31, 229
What are the prime factors of 86195?
5, 17239
List the prime factors of 20401.
23, 887
What are the prime factors of 1025?
5, 41
What are the prime factors of 42175?
5, 7, 241
What are the prime factors of 4898?
2, 31, 79
List the prime factors of 271.
271
List the prime factors of 18892.
2, 4723
What are the prime factors of 1194?
2, 3, 199
What are the prime factors of 7567?
7, 23, 47
List the prime factors of 7127.
7127
What are the prime factors of 23944?
2, 41, 73
List the pr